 = d**2 + 26*d - 20. Calculate p(-25).
-45
Let a(w) = -w**2 - 8*w + 29. Calculate a(-11).
-4
Let u(i) = i**2 - i + 3. Give u(-5).
33
Let t(z) = -z**2 - 22*z - 8. Give t(-23).
-31
Let h(t) = -t**3 + 20*t**2 - 84*t - 3. Calculate h(6).
-3
Let d(a) = 2*a**3 + 3*a**2 + a + 10. Determine d(-3).
-20
Let x(r) = 3*r**2 + 6*r + 8. Calculate x(-4).
32
Let l(c) = -c**3 - 6*c - 9. Determine l(0).
-9
Let p(y) = -8*y + 21. Determine p(6).
-27
Let w(z) = -3*z + 20. Calculate w(22).
-46
Let n(u) = -u**2 + 6*u - 1. What is n(6)?
-1
Let a(u) = 2*u**2 - 13*u + 21. Give a(4).
1
Let r(x) = 4*x + 14. Calculate r(-4).
-2
Let h(o) = -3*o + 19. Give h(6).
1
Let g(o) = 11*o**2 + 3*o - 12. Give g(4).
176
Let s(c) = -69*c + 474. What is s(7)?
-9
Let s(h) = h**2 - 3*h - 3. What is s(-2)?
7
Let i(w) = -4*w**2 - 31*w - 15. Give i(-7).
6
Let o(j) = -j**3 - 9*j**2 - 9*j + 7. Determine o(-7).
-28
Let b(f) = 41*f + 1. Determine b(-2).
-81
Let l(r) = r**2 + 16*r + 61. Calculate l(-8).
-3
Let a(p) = 42*p + 214. Determine a(-5).
4
Let s(n) = -n**3 - 11*n**2 - 3*n + 4. Calculate s(-11).
37
Let v(y) = -36*y - 377. Determine v(-10).
-17
Let b(t) = 5*t**2 + t - 2. What is b(-2)?
16
Let a(c) = 2*c**3 - 30*c**2 - 30*c - 38. Calculate a(16).
-6
Let w(y) = -y**3 - 6*y**2 + 9*y + 3. Give w(-7).
-11
Let j(i) = -i**3 - 3*i**2 + 2*i - 2. Calculate j(-4).
6
Let t(a) = -a**3 - 30*a**2 + 2*a + 54. Give t(-30).
-6
Let j(l) = -l**2 + l - 2. Determine j(6).
-32
Let z(j) = j**2 + 15*j - 18. Calculate z(-14).
-32
Let y(s) = -s**3 - s**2 + s + 15. Give y(-3).
30
Let m(n) = -n**2 + 6. Determine m(3).
-3
Let d(y) = -11*y - 14. Give d(-4).
30
Let j(q) = -q**3 - 33*q**2 - 3*q - 102. Calculate j(-33).
-3
Let v(l) = l**2 + 6*l - 8. Give v(-7).
-1
Let n(m) = 5*m**2 + 2*m - 6. Determine n(-3).
33
Let c(y) = -3*y**3 - 3*y**2 + 4. What is c(2)?
-32
Let v(j) = 8*j**2 - 8*j - 10. What is v(-3)?
86
Let p(s) = -13*s + 457. Determine p(36).
-11
Let a(t) = -t**2 - 9*t - 11. Give a(-6).
7
Let k(l) = l**2 - 10*l + 13. Determine k(6).
-11
Let c(y) = y. Determine c(3).
3
Let x(q) = 10*q**2 - 5*q + 3. Give x(1).
8
Let t(w) = w**3 - 2*w**2 - 4*w - 2. Determine t(3).
-5
Let k(a) = -15*a - 6. Determine k(-1).
9
Let g(r) = 2*r**2 + 42*r - 4. Give g(-21).
-4
Let m(x) = 4*x**2 - 33*x + 9. Calculate m(12).
189
Let b(k) = k**3 - 3*k**2 - 5*k - 7. What is b(5)?
18
Let r(h) = -h**3 - 12*h**2 - 3*h + 2. Give r(-11).
-86
Let t(c) = -6*c**2 - 5*c - 2. What is t(-2)?
-16
Let l(b) = 6*b**2 + 23*b + 3. What is l(-4)?
7
Let q(n) = -6*n**2 - 4*n + 5. Determine q(2).
-27
Let j(o) = -o**3 + 3*o**2 - 4*o + 6. What is j(2)?
2
Let m(v) = -v**2 + 28*v - 51. Calculate m(26).
1
Let a(b) = b**3 + 7*b**2 - 2*b + 1. What is a(-7)?
15
Let j(l) = -l**3 - 11*l**2 - 6*l + 6. Calculate j(-10).
-34
Let c(y) = -y**3 - 2*y**2 - y - 121. Give c(0).
-121
Let r(c) = -c**3 - 2*c**2 + 11*c + 11. Determine r(-4).
-1
Let b(p) = 2*p**2 - p + 46. Determine b(0).
46
Let u(w) = -w**3 + 12*w**2 + 5*w + 10. Calculate u(13).
-94
Let k(v) = -4*v + 35. Give k(10).
-5
Let t(g) = -31*g + 24. Calculate t(1).
-7
Let q(f) = -f**2 + 29*f - 60. Determine q(28).
-32
Let s(i) = 32*i + 3. What is s(-1)?
-29
Let w(a) = 113*a - 906. Calculate w(8).
-2
Let t(j) = 36*j + 6. Calculate t(-1).
-30
Let l(g) = 22*g - 88. Determine l(4).
0
Let l(x) = x**3 - 15*x**2 - 14*x - 32. Determine l(16).
0
Let v(s) = -s**3 + s**2 + 7*s - 15. Calculate v(3).
-12
Let c(d) = -d + 3. What is c(7)?
-4
Let d(u) = u**2 - 5*u + 7. Determine d(5).
7
Let a(l) = l**2 + 11*l - 2. What is a(-13)?
24
Let w(t) = t**3 - t**2 + 6*t - 8. Calculate w(0).
-8
Let i(h) = 28*h + 152. Determine i(-6).
-16
Let c(u) = u**3 + 2*u - 1. Determine c(-2).
-13
Let j(w) = -2*w**3 + 14*w**2 - w. Calculate j(7).
-7
Let g(o) = 2*o + 19. What is g(-4)?
11
Let p(a) = a**3 - a**2 + 1. Determine p(-1).
-1
Let y(q) = -4*q - 55. Calculate y(0).
-55
Let l(z) = -z + 9. What is l(6)?
3
Let x(r) = -r**2 + r + 61. Determine x(-8).
-11
Let m(d) = -9*d + 13. Determine m(3).
-14
Let i(a) = -8*a + 195. What is i(22)?
19
Let t(d) = -4*d - 38. What is t(-9)?
-2
Let q(w) = -17*w**2 + 171*w - 11. Calculate q(10).
-1
Let v(t) = t**3 - 17*t**2 + 4*t + 53. Calculate v(17).
121
Let p(x) = x**3 + 15*x**2 - 17*x - 3. Determine p(-16).
13
Let c(b) = -b**3 + 4*b**2 + 2*b - 9. Determine c(4).
-1
Let y(h) = -h**2 + 17*h - 18. Determine y(14).
24
Let r(d) = -d**2 + 7*d - 1. Calculate r(5).
9
Let v(u) = 3*u**2 - 2*u + 3. What is v(2)?
11
Let w(c) = -c**2 + 7*c - 7. Calculate w(4).
5
Let t(f) = f**3 - 20*f**2 + 14*f + 54. Determine t(19).
-41
Let y(m) = 6*m**2 - 2*m - 2. Determine y(-1).
6
Let f(z) = -z**2 + 2*z + 11. Give f(0).
11
Let d(s) = -s**2 + 5*s + 11. What is d(7)?
-3
Let b(q) = -q**3 - 8*q**2 + 9*q - 8. What is b(-9)?
-8
Let q(n) = -n**2 + 19*n + 70. Determine q(24).
-50
Let r(p) = 2*p**2 - 28*p + 26. Give r(13).
0
Let s(k) = 4*k + 43. Give s(-9).
7
Let h(p) = -20*p + 7. Give h(1).
-13
Let u(i) = 2*i**3 - 3*i**2 - 6*i - 10. Determine u(5).
135
Let d(s) = s + 26. Determine d(-17).
9
Let p(y) = -y**3 - 10*y**2 - 9*y - 11. Calculate p(-9).
-11
Let a(f) = f**3 - 14*f**2 + 14*f - 16. Calculate a(13).
-3
Let n(a) = -a**3 + 9*a**2 + 6*a - 19. Determine n(10).
-59
Let i(v) = v**3 - 8*v**2 - 11*v - 21. Calculate i(9).
-39
Let a(u) = -u**3 - 7*u**2 + 6*u + 4. Give a(-6).
-68
Let b(h) = -19*h - 116. What is b(-6)?
-2
Let m(w) = w**3 + 4*w**2 - 23*w - 14. Give m(-7).
0
Let w(b) = 15*b - 31. Determine w(2).
-1
Let m(a) = -a**3 + 7*a**2 + a + 4. Determine m(6).
46
Let t(m) = 37*m. Calculate t(-1).
-37
Let y(i) = -10*i. What is y(1)?
-10
Let l(t) = t**2 + 21*t + 43. Determine l(-19).
5
Let z(k) = -4*k - 22. Give z(-14).
34
Let f(l) = -l**3 + 2*l + 66. Calculate f(0).
66
Let q(j) = -j**3 + 4*j + 2. What is q(-3)?
17
Let z(l) = l**3 - 5*l**2 - 12*l + 14. What is z(7)?
28
Let q(m) = m**2 + 21*m - 15. Give q(-22).
7
Let q(n) = -n**2 - 18*n - 66. What is q(-13)?
-1
Let h(v) = 2*v**2 - v - 3. Calculate h(3).
12
Let m(p) = -3*p - 5. Give m(-5).
10
Let n(r) = 19*r - 1. Determine n(2).
37
Let i(k) = 28*k + 14. Give i(4).
126
Let s(g) = g**3 - 6*g**2 - 5*g - 6. Give s(7).
8
Let t(p) = -2*p**3 - 17*p**2 + 12*p - 9. Calculate t(-9).
-36
Let p(f) = -2*f**2 + 15*f - 5. What is p(8)?
-13
Let m(a) = -a**3 - 5*a**2 + 4*a - 6. Give m(-6).
6
Let a(k) = -k**3 - 18*k**2 + 20*k + 4. Give a(-19).
-15
Let b(k) = -k**2 + 10*k + 28. Calculate b(16).
-68
Let o(q) = q**3 - 8*q**2 - 12*q + 5. What is o(9)?
-22
Let n(r) = -2*r**3 - 19*r**2 + 10*r + 2. Determine n(-10).
2
Let a(d) = d. What is a(-3)?
-3
Let c(d) = -36*d**2 + d - 1. Calculate c(1).
-36
Let r(t) = -t - 38. What is r(-39)?
1
Let w(x) = -x**2 - 7*x - 8. Determine w(-7).
-8
Let r(c) = -2*c**2 - 6. What is r(0)?
-6
Let z(n) = -n**3 - 2*n**2 - 2*n + 1. Give z(-3).
16
Let u(s) = 34*s + 173. Calculate u(-5).
3
Let b(x) = 46*x + 10. Calculate b(-2).
-82
Let p(d) = d**3 - 2*d - 1. What is p(-2)?
-5
Let o(l) = 2*l**2 - 2*l - 3. Give o(-2).
9
Let a(r) = r**3 - 8*r**2 + 5*r - 7. Calculate a(7).
-21
Let c(k) = k**3 - 32*k**2 + 61*k - 24. Determine c(30).
6
Let o(g) = -6*g**2 - 19*g. What is o(-6)?
-102
Let b(y) = -5*y + 24. Give b(6).
-6
Let g(v) = -4*v**2 + 4*v + 10. Give g(2).
2
Let o(x) = -x**3 - 14*x**2 - 13*x - 9. What is o(-13)?
-9
Let c(z) = 108*z**2 + 2*z + 2. Determine c(-1).
108
Let v(y) = y**2 + 15*y + 15. Calculate v(-15).
15
Let f(q) = -q**2 + 7*q + 13. Give f(9).
-5
Let y(a) = -2*a + 1. Give y(-3).
7
Let m(f) = 37*f + 486. What is m(-13)?
5
Let v(h) = -28*h - 175. What is v(-6)?
-7
Let f(x) = -x**2 - 15*x - 18. Calculate f(-9).
36
Let b(s) = -s**2 - 5*s - 4. Determine b(-3).
2
Let z(b) = 2*b**2 + 2*b + 44. Determine z(-8).
156
Let j(l) = l**3 - 25*l**2 - 53*l - 12. What is j(27)?
15
Let f(c) = -2*c**2 + 19*c. Calculate f(8).
24
Let t(z) = -4*z**2 + 115*z - 114. Determine t(1).
-3
Let v(f) = -f**3 - f**2 - 3*f - 5. Determine v(-4).
55
Let f(j) = -j - 23. Determine f(-12).
-11
Let y(x) = -x**3 - x**2 - 55. Give y(0).
-55
Let l(s) = -4*s**2 + 20*s + 6. Determine l(5).
6
Let m(y) = y**2 + 13*y + 8. What is m(-13)?
8
Let s(q) = -q**3 + q**2 - 3*q + 2. Calculate s(2).
-8
Let a(c) = c**3 - 2*c**2 + 2*c - 5. Determine a(3).
10
Let f(c) = -c**3 - 6*c**2 - c + 6. Calculate f(-5).
-14
Let c(y) = y - 5. Determine c(6).
1
Let m(c) = -c**3 + 6*c**2